umber?
True
Let c(j) = -3340*j - 183. Is c(-6) composite?
True
Let p(f) = 19*f - 15. Let n(z) = -1. Let j(h) = -2*n(h) - p(h). Is j(-16) a composite number?
True
Suppose 0 = 11*s - 16*s + 38330. Is s a prime number?
False
Let d(t) = 36094*t**2 + 14*t + 9. Is d(-1) a composite number?
True
Let n be ((-4)/(-3))/((-6)/6813). Let w = n + -992. Is (-3)/(-2 - -8)*w composite?
True
Is (-2)/1*(-8)/(64/6740) a composite number?
True
Let o(i) = i**3 - 19*i**2 - i + 23. Let z be o(19). Suppose b + z*b - 13535 = 0. Is b composite?
False
Let p(h) = 32*h**2 - 76*h - 59. Is p(26) prime?
True
Let s be (-9)/24*-3058*1*12. Suppose -10*y + s = -y. Is y a prime number?
False
Let i = 965 + -1680. Let d = 1029 + i. Is d prime?
False
Let s be -1*(1 + 0) - 256/(-32). Suppose -3431 - 1007 = -s*m. Is m a prime number?
False
Let v = -4 - -9. Suppose 0*n = v*n + 585. Let r = n + 263. Is r a composite number?
True
Suppose -8 - 8 = -4*l. Suppose -3*y + 2*i - 6*i + 986 = 0, 3*i + 1348 = l*y. Is y prime?
False
Let s = -12537 - -24314. Is s composite?
False
Let k = 3909 - 686. Is k composite?
True
Let r(c) = c + 23. Let i be r(17). Let h = 99 - i. Is h composite?
False
Suppose 655 = -g - f, 2*g + 2*f - f + 1307 = 0. Let q = g - -1123. Is q a composite number?
True
Suppose 2*w = 2*q + 6*w + 4426, 0 = 2*q + 2*w + 4416. Let k = 4529 + q. Is k a composite number?
True
Let f(c) = c**2 - 17*c + 8. Let y be f(16). Let g(d) = 57*d + 7. Let a be g(y). Let b = 554 - a. Is b a composite number?
True
Let i = 6 - 28. Let a = i + 28. Is 3/(a/664) + -1 a composite number?
False
Suppose 4*q = -2*b + 1286, 4*q + 2*b = -2*b + 1296. Let p = -120 + q. Is p composite?
False
Let x be (6 + -10)*(-3)/4. Suppose -4*d + 0*a = -a - 2343, 1736 = x*d - 5*a. Is d a prime number?
True
Let x = 3155 - 1290. Is x prime?
False
Suppose 2*j = 4*j + 2*y - 3274, 6548 = 4*j - 2*y. Suppose 3*w = 4*w - j. Is w prime?
True
Suppose -12*u = 8*u - 138940. Is u prime?
True
Let h be (4/6)/((-2)/(-33)). Suppose 0 = -2*r + 4*q + 25 + h, -96 = -4*r + 2*q. Suppose 27 + r = i. Is i composite?
False
Suppose -3*r = 2*v - 7*r - 6094, 0 = v + 5*r - 3047. Suppose v + 473 = 4*p. Suppose 0 = -2*c - 2*c - 4*i + p, -650 = -3*c + 2*i. Is c composite?
True
Let h be 0 + (-7)/((-14)/(-1272)). Let j be -424 + 2/(-2 + 0). Let z = j - h. Is z a prime number?
True
Let y = -452 - -766. Let x = y + -208. Is x composite?
True
Let c(h) = 20408*h - 83. Is c(3) a prime number?
True
Suppose 3*o = -3*b + 12 - 0, -3*b + 7 = 2*o. Let d be o*(-1 + 249/(-5)). Is (-1)/(((-6)/d)/(-3)) a prime number?
True
Let z = 98678 - 30749. Is z a prime number?
False
Suppose -6*q = -4*q + n - 25885, 0 = 5*q + 5*n - 64720. Is q a prime number?
True
Let v(w) = 0 + 0 - 2 - 5*w - 68*w. Is v(-3) prime?
False
Let z(y) be the first derivative of -33*y**2 - 5*y + 2. Is z(-4) a prime number?
False
Suppose -16 - 9 = 5*x, 6464 = 3*g - x. Is g a prime number?
True
Let u = -104 + 97. Let y(h) = -29*h. Is y(u) composite?
True
Is -155*(1 + -2180)*(-2)/(-10) a composite number?
True
Let y(m) = -m**3 + 4*m**2 - 1. Let g be y(4). Is (5/(-3) - g) + 14109/9 composite?
False
Let c be (0 - -4)*1 + -4. Suppose -2*p = s - 107, p + p - s - 101 = c. Suppose 7*k = p + 949. Is k prime?
False
Let r = 108 - 110. Let o(f) = 116*f**2 + 9*f + 1. Is o(r) a prime number?
False
Suppose 5*o - 160989 = -5*p + p, 4*p = -2*o + 160998. Is p composite?
True
Suppose 133*h = 130*h + t + 433851, -2*t = 2*h - 289234. Is h a prime number?
False
Suppose -11*p + 42055 = 2*p. Is p a prime number?
False
Suppose -4*k - 2 = -10. Let d(r) = -14*r - 6*r**2 - 9 - 38*r**3 - r**k + 39*r**3 + r**2. Is d(10) a composite number?
False
Let x(m) = m**2 - 3*m - 23. Let y be x(7). Suppose -r + 409 = -o - 3*o, y*r - 3*o - 2045 = 0. Is r prime?
True
Is (3 - (-1 + 32997))/(-1) a composite number?
False
Let d be (0 + 3)/3*0. Suppose 12 = -3*f, 3*k - 30 = -d*f + 3*f. Suppose -u + k*u = 185. Is u composite?
False
Let n(y) = y**2 + 2*y + 1. Let v be n(-1). Suppose -5*f - i + 1195 = v, -i - i - 717 = -3*f. Is f composite?
False
Suppose 0 = 7*i - 321411 + 93932. Is i a composite number?
False
Let a(d) = -1152*d**3 - 5*d**2 - 7*d - 3. Is a(-1) a composite number?
False
Suppose 48484 = 9*y - 34649. Is y a prime number?
False
Let f(v) = 5*v**2 - 3*v - 3. Let k be f(-2). Suppose 5*t - 3 + k = 0, 0 = 4*l + 4*t + 28. Is (-3 - l)/3 - -77 prime?
False
Let c = 12 - 12. Suppose 3*r + 5*d - 160 = -2*r, c = -2*d. Suppose 0 = y - 21 - r. Is y composite?
False
Let z = 1646 - 927. Is z/5 - 12/15 composite?
True
Suppose 4*j = 2*r - 20, 9 + 5 = 5*r + 2*j. Suppose n + 2*n + 1057 = r*k, 0 = -3*k - 4*n + 799. Is k a prime number?
False
Let d(h) = -971*h + 1. Let r be d(5). Let n = -2915 - r. Is n a prime number?
False
Suppose 345 = n + 4*n. Suppose n = 3*p - 24. Is p prime?
True
Let s = -119 + 112. Is 10160/6 + s/21 composite?
False
Suppose 15*l = 10*l + 13045. Is l a composite number?
False
Let n be (-10)/40 - (-413)/4. Suppose b - 4*z = n, 0*b + 5*z = -2*b + 141. Is b composite?
False
Suppose 6*y - 12 = 3*y. Suppose 0 = y*d - 2708 + 364. Is d a composite number?
True
Suppose -j = 279 + 35. Let m be (-3)/(6/j) + -3. Let x = -87 + m. Is x prime?
True
Let z = 983 - 666. Is z a prime number?
True
Suppose 123 = 7*p + 46. Let y be (2 - 1)/((-1)/(-4)). Let i = p - y. Is i composite?
False
Let y(p) = 79 - 2*p**3 + 2*p**3 + p**3 + p**2. Suppose 4 = -4*w - 2*j, -4*j + 3*j - 2 = 0. Is y(w) a composite number?
False
Let w(j) = 1600*j + 4. Let t be w(1). Let r = t - 741. Is r composite?
False
Let y(k) = 17*k**2 + 15*k - 29. Let c be y(-18). Suppose 0 = -3*i + 5*o - 1402 + 4546, c = 5*i + 2*o. Is i composite?
True
Suppose -5*r - 5*t + 300 = -r, 3*t + 12 = 0. Suppose -3*c - r = -5*c - 4*i, -3*c = -4*i - 90. Is c a composite number?
True
Let l = -10 + 14. Suppose 0 = l*g + 276 - 2060. Is g prime?
False
Suppose 5*a - n - 33145 = 0, 3*a - 8*n = -12*n + 19887. Is a a prime number?
False
Suppose 0 = 3*v - 12, -5*v + 12 + 4 = -d. Suppose -3*b - 3*x + d = x, b - 28 = 4*x. Is (2/b)/(4/3568) prime?
True
Let t(i) = 10*i**2 + 3*i - 1. Let f(r) = r**3 + r**2 + r + 1. Let h(j) = f(j) - t(j). Let z be h(9). Is 1413*(-1 + z/(-12)) composite?
True
Suppose 5*o - 543 - 2572 = 0. Is o a composite number?
True
Let d(s) = 27*s - 5. Let q = 2 - -3. Suppose -2*k - 2*b + q = -5, b = -5*k + 13. Is d(k) composite?
True
Let b = -40 + 46. Let j = b + 491. Is j a prime number?
False
Suppose -11*o + 16*o - 10 = 0. Let m be (o + (-2 - 1))*17. Is (-18 - m)*(-372 - -1) composite?
True
Suppose -7*l = -10*l. Suppose l = n + 3*n - 164. Let f = n + 150. Is f a prime number?
True
Let z = 57479 - 25632. Is z a composite number?
False
Let l be 9/(9/2) - -3. Suppose -8 = 4*o + 4*q, -o - 11 = -3*o + q. Suppose h + o*v + 550 = l*h, 2*h = 2*v + 274. Is h a composite number?
False
Suppose 3*q = 3*p - 7*p + 9, 2*q + 1 = -5*p. Suppose c + 0*c = 0. Suppose -q*n + 2*n + 445 = c. Is n prime?
True
Suppose -60220 = -g - 4*g. Suppose 1562 = -6*k + g. Is k composite?
False
Let x(g) be the first derivative of g**2 + 481*g - 6. Is x(0) a composite number?
True
Suppose -a + 9778 = -8024. Suppose 12 = 4*z, -4*z = -5*t - 3*z + a. Is t prime?
False
Suppose 11*m - 3*m - 28408 = 0. Let d = 6366 - m. Is d a prime number?
False
Suppose 2*f = -4, 0*f = -5*l + 2*f - 46. Let q = l - -13. Is 886*(21/6 - q) prime?
True
Let t be 5744/(-20)*(-2 - 3/6). Let z = t - 311. Is z a composite number?
True
Suppose -3*p + 2642 + 3511 = 0. Suppose -b = -8*b + p. Is b prime?
True
Is (-1)/((-18)/4) - 11794725/(-405) a prime number?
True
Is 3 + (-1782480)/(-182) - (-2)/13 composite?
True
Let o be 54 + 1/(2/8). Suppose -3*y - 15 = -2*y. Let r = y + o. Is r composite?
False
Suppose 0 = h + h + 5*t - 848, 3*h - 1283 = -2*t. Let p = h + 358. Is p composite?
False
Let g be 0/1*(-10)/10. Is (212 - (0 + g)) + -1 composite?
False
Let f(j) be the second derivative of 7*j**4/12 - 5*j**3/3 - 3*j**2 - 22*j. Is f(-10) a composite number?
True
Let m(u) = 40*u**2 + 12*u - 107. Is m(-17) a composite number?
True
Suppose 120 = 3*m + 105. Suppose m*i - 1228 = -g - 294, 558 = 3*i + 3*g. Is i a prime number?
False
Let p(b) = 5*b - 37. Let q be p(10). Is (-4)/1 + 830 + q prime?
True
Suppose 0 = n + 2*n - 7191. Suppose -7*d = -10*d + n. Is d prime?
False
Let h(n) = n**2 - 7*